e j(6). Let t be n(i). Suppose -q + 100 = 5*f, 4*q + q = 3*f - t. What is the units digit of f?
1
Suppose 3*z + 4 = -4*x + 3, -4*z = -x + 14. Suppose 2*s + x*v - 274 = 0, 0 = 6*v - 2*v - 12. What is the hundreds digit of s?
1
Let d(s) = 144*s**2 - 8*s - 20. Let n(c) = -578*c**2 + 33*c + 81. Let y(w) = -22*d(w) - 6*n(w). What is the units digit of y(-2)?
8
Suppose -3*x = -g - 5, 0*g + 3*g = -3*x + 21. Suppose 0 = x*c + 2 - 8. Suppose 3 = c*i - 9. What is the units digit of i?
6
What is the units digit of 666872/32 + 17/(-12) + (-20)/(-30)?
9
Let q = -22 + 38. Suppose 25*c - 29*c = -q. Suppose -c*v + 2*v + 90 = 0. What is the tens digit of v?
4
Let t = -430 + 400. What is the tens digit of (-213)/((2/(-32))/((-5)/t))?
6
Let j = -7135 + 7225. What is the units digit of j?
0
What is the ten thousands digit of 15057 - (-4)/10*(-880)/(-88)?
1
Let u(w) = w**3 - 6*w**2 + 7*w + 4. Let h be u(4). Let g be 99/(-2)*(h + 6/(-9)). Let t = g + -27. What is the units digit of t?
6
Let m = -1155 + 1283. Let i = 242 - 83. Let a = i - m. What is the tens digit of a?
3
Suppose -t + 5 = 0, -3*t - 15 = q - 0*q. Let k = q + 89. Suppose 0 = 10*a - k - 71. What is the units digit of a?
3
Suppose -3*w = -x + 1057, 4*x = -0*w + 3*w + 4210. Suppose -3*b - 5*p + 828 = 0, -5*b + 339 = 5*p - x. What is the hundreds digit of b?
2
Suppose 4*i + 23*i + 162 = 0. What is the hundreds digit of (-44870)/(-84) + 1/i?
5
Let s be -1*((-45)/3 + 3 - 1). Suppose s*x = 5*x + 392. What is the units digit of (4 + -5)*(1 - 0) + x?
8
Let p = -98 + 103. Let v(c) = 2*c**2 - c + 1. Let g(x) = 13*x**2 - 10*x + 5. Let n(f) = g(f) - 5*v(f). What is the units digit of n(p)?
0
Let p(f) = -2*f**3 + 4*f**2 + 6*f. Let x be p(-3). Suppose -33*l - x = -37*l. Suppose 2*b + l = 2*t - 0*b, 4*b = -5*t. What is the units digit of t?
4
Suppose -1780 = 19*h - 107062 - 171035. What is the ten thousands digit of h?
1
Let r(v) = -v**3 - 12*v**2 + 16*v + 26. Let t be r(-13). Let h(k) = -k - 11. Let y be h(t). What is the units digit of -4 + y + 1 + 8?
7
Suppose 136 + 188 = 6*k. Suppose -2*r - 2*p + 72 = -4*p, 0 = 2*r + p - 69. Let y = r + k. What is the units digit of y?
9
Let p(y) = 207*y**2 - 10*y - 1. Let r(d) = -6*d - 25. Let a be r(-4). Let u be p(a). Suppose -65 - u = -l. What is the units digit of l?
1
Suppose 0 = -f - 2*n + 10747, -75*f + 3*n + 32259 = -72*f. What is the ten thousands digit of f?
1
Let d = -79 + 87. Suppose 0 = -4*n - 4*y + d, 0*n - 2*n - 4*y = 0. Suppose -2*c - n*v = -94, 0 = -2*v + v. What is the units digit of c?
7
Suppose -97 = 6*h - 67. Let k(q) = -123*q + 10. What is the tens digit of k(h)?
2
Let n be (2/(-6))/(1/9). Let j(a) = 2 - 5 + 35*a - 59*a. What is the tens digit of j(n)?
6
Suppose -7712 = 4685*q - 4687*q. What is the units digit of q?
6
Suppose 0 = -a - 11 + 75. Suppose -d - d + 32 = 2*f, 3*f + a = 5*d. Suppose 0 = 11*s - d*s + 195. What is the units digit of s?
5
Suppose 9*a - 10*a = -6*a + 67550. What is the ten thousands digit of a?
1
Let l(w) = 6*w**2 + 22*w - 4. Let r(j) = -2*j**2 - 7*j + 1. Let o(s) = -5*l(s) - 16*r(s). Let v be o(9). Let k = v - 130. What is the units digit of k?
4
Let w(c) = 21*c**2 - 42*c - 146. What is the units digit of w(-17)?
7
Let h be (2 - -2)*13/(-52). Let v(n) = 1166*n**2 + 35*n + 33. What is the hundreds digit of v(h)?
1
Suppose -5*o = -o - 12. Let z be (-6)/o - (-9)/((-18)/(-4)). What is the units digit of (1 + z)/((-10)/(-790))?
9
Suppose -c - 19 = -4*y, 2*c = -y - 2*y + 6. Let l be (c/15)/((-2)/20). Suppose -g - 53 = -6*g - l*r, -3*g = 5*r - 47. What is the units digit of g?
9
What is the tens digit of 1/8 + 37626606/1296?
3
Suppose -5*y + 8*t = 11*t - 2625, -y + 525 = 5*t. Suppose 4*g = y - 129. What is the units digit of g?
9
Suppose 3*x = 1 + 5. Suppose x*y = -4*f + 1880, -2*f - f - 2*y + 1410 = 0. What is the hundreds digit of f?
4
Let p = 58913 + -36407. What is the ten thousands digit of p?
2
Suppose -4*j - 1171 = -5*x, -3*x - 591 = 5*j - 3*j. Let q = j - -497. What is the units digit of q?
3
Let c(s) = s**2 - 16*s + 25. Let p be c(13). Let i = p + 2. What is the tens digit of 6799/78 + 2/i?
8
Suppose -2*u - 4*t = -12808, -3*u + 3*t + 12972 = -6276. What is the units digit of u?
2
Suppose -f + 2267 = -4*s + 6708, -2*s - 5*f + 2237 = 0. Suppose s + 1209 = 8*t. Suppose -50 = -2*d - 4*x + 146, -4*x + t = 3*d. What is the tens digit of d?
9
Suppose 0 = -113*t + 150*t - 124838. What is the tens digit of t?
7
Let g = 12302 + -12070. Let y(r) = -134*r + 1. Let m be y(1). Let u = m + g. What is the units digit of u?
9
Suppose 112*s = 115*s + 6, 3*s = -j + 13240. What is the units digit of j?
6
What is the units digit of (6099/(-12))/((-7923)/1976 - -4)?
8
Suppose 0*g - 5*g + 90 = 0. What is the hundreds digit of 63*(312/g - 7)?
6
Suppose -2*b = -3*t + 48, -3*t + 4*b = 7*b - 33. Suppose -9423 = -t*w + 5*w. What is the thousands digit of w?
1
What is the tens digit of (102428/(-2088))/((-1)/138) + 10/(-6)?
6
Let u(v) = 14*v - 29. Let i = 287 + -282. What is the tens digit of u(i)?
4
Let g = -17815 - -72067. What is the thousands digit of g?
4
Suppose 9*y - 14*y - 5*a + 16370 = 0, 2*a + 3265 = y. What is the thousands digit of y?
3
Let j = -4516 - -50291. What is the thousands digit of j?
5
Suppose -3*k + 4*l + 21457 = 0, -5*k + 8*k + 3*l - 21471 = 0. Suppose -27*q = -12*q - k. What is the tens digit of q?
7
Suppose 7*n - 1437 = -1388. What is the thousands digit of (-4348*n/(-28))/(-2 - -3)?
1
Let j(y) = -2*y**2 - 15*y + 42. Let v be j(2). Let s be (12/(-8))/(3/(-16)). Suppose s*c - 316 = v*c. What is the tens digit of c?
7
Let d be (2 - (-12141)/1) + 10 + -13. Suppose 35*g = 1580 + d. What is the tens digit of g?
9
Let u = -47951 + 80730. What is the units digit of u?
9
Let r = 16719 + -2818. What is the tens digit of r?
0
Let g(l) = -16 - 5 - 16*l - 43*l. What is the hundreds digit of g(-4)?
2
Suppose 0 = -45*h + 46*h - 793. Suppose -5*z - h = -2743. What is the tens digit of z?
9
Let q = -2910 + 6921. Suppose -3*n - 3*u = -q, 0 = -5*n + u - 3*u + 6694. What is the units digit of n?
0
Let x(c) = -c**2 + 25*c - 143. Let o be x(16). Let h be (-2)/5 + (-30254)/(-10). What is the units digit of 1/(-2) + o - h/(-22)?
8
Suppose 4*a + 2*z - 1208 = -286, 5*a - 3*z = 1136. Suppose 27 + a = -4*l. Let n = l - -139. What is the units digit of n?
5
Let t(m) = m**3 - 8*m**2 + 4*m + 15. Let y be t(7). Let p be 30/(-50) - y/(-15). What is the units digit of 2 - (-14 + (1 - p))?
4
Let b(o) = 4*o**2 + 5*o - 10. Suppose -2*g + 2*u + 3*u = -23, -g + 5*u = -9. Suppose -g*i = -19*i - 30. What is the units digit of b(i)?
4
Suppose 0 = -8*z - 0*z - 32. Let f = -1 - z. What is the tens digit of 519/12 + f/4?
4
Let q(t) = -t**3 - t**2 - t + 31. Let o be q(-5). Let l = 279 - o. What is the hundreds digit of l?
1
Suppose -24 = -10*s - 2*s. Suppose -s*t + 4*n = -325 - 141, 5*t - 1165 = -2*n. What is the tens digit of t?
3
Let p(t) = -t**2 + 4*t - 51. Let y be p(12). Let s = y + 269. What is the units digit of s?
2
Suppose -i + 19 + 44 = 0. Let x = i + 15. What is the units digit of x?
8
Suppose -2*d - 28 = 204. Let k = d + 301. What is the units digit of k?
5
Let u = 126 + -176. Let c = u - -44. What is the units digit of c/21 + (-814)/(-7) + -2?
4
Let v(i) be the third derivative of -11*i**4/12 - 11*i**3/6 + 2*i**2. Suppose -72*l + 12 = -75*l. What is the units digit of v(l)?
7
Let s(q) = -8*q**3 - 15*q**2 - 95*q + 46. What is the ten thousands digit of s(-13)?
1
Suppose -68*p + 75*p + 462 = 0. What is the tens digit of 26852/18 + p/(-297)?
9
Let t(k) = 3*k - 10. Let a be t(-9). Let q = a - -43. Suppose -x - 5*h = -124, -q - 4 = -2*h. What is the tens digit of x?
9
Let n(c) be the second derivative of 0 - 7/3*c**3 + 1/2*c**2 - 2*c. What is the units digit of n(-9)?
7
Let w(l) = 15*l**2 - 5*l + 15 + 9 - 2*l + 4*l - l. What is the tens digit of w(3)?
4
Suppose -16 = -3*d + 8. Suppose -3*b + 17 = w, -3*b + d = -6*b + 4*w. Suppose -b*n = -a + 40, -10 = -a - n + 20. What is the units digit of a?
2
Let v = 14660 - 262. What is the tens digit of v?
9
Suppose 0 = -9*i + 8465 + 10246. Let j = i - 1345. What is the tens digit of j?
3
Let k(p) = -6736*p + 35. What is the tens digit of k(-7)?
8
Let p = 583 + -580. Suppose -g - 2496 = -2*i - 647, i - 937 = p*g. What is the hu